y -1*(-2)/(-1) + 9?
3
Let h = -18356 + 20613. Calculate the remainder when 4524 is divided by h.
10
Calculate the remainder when 10/(-30) - (1 + 4946/(-6)) is divided by 23.
18
Suppose -79*j + 59*j + 120 = 0. What is the remainder when 1125 is divided by j?
3
Let v(c) = -c**3 - 2*c**2 + 2*c + 2. Let x be v(-4). Let s = x - 16. What is the remainder when s is divided by ((-3)/4)/((-27)/108)?
1
Suppose 0 = -3*p - 5*p + 8. Suppose p - 181 = -3*n. What is the remainder when ((-8)/(-10))/(586/(-590) + 1) is divided by n?
58
Suppose -2*s + 96 = -53*w + 49*w, 2*w = 12. What is the remainder when s is divided by 13?
8
Let d = 459 - 418. Calculate the remainder when 302 is divided by d.
15
Let n = -2359 + 2384. What is the remainder when n is divided by 13?
12
Let n = 63 + 24. What is the remainder when n is divided by (-27)/5*((-280)/(-12))/(-7)?
15
Let n(c) = -1190*c + 126. Calculate the remainder when n(-1) is divided by 39.
29
Suppose 3*m + 13 = 3*d - 17, 0 = -4*m + 20. What is the remainder when 270 is divided by -62*(3/d)/((-26)/195)?
84
Let j(r) = -r + 67. Let g(w) = -w**3 + 11*w**2 + 11*w - 8. Let n be g(12). Let f = n - -30. What is the remainder when j(0) is divided by f?
7
Let q = 8612 - 8596. What is the remainder when 206 is divided by q?
14
Let x = 14 - 13. Suppose 5*s - 62 = 5*w + 8, 0 = -w + x. Calculate the remainder when (-2)/(-7) - ((-3490)/35 - 2) is divided by s.
12
Let g(v) = -v**3 + 7*v**2 - 2*v + 26. Let l be g(7). Suppose 0 = 3*k - 27 + l. What is the remainder when (-2)/(-3 + (-91)/(-31)) is divided by k?
1
Let j = 123 - -265. Let u = 614 - j. Calculate the remainder when u is divided by 38.
36
Let w = -1 + 5. Suppose p + w*p = 40. Let o(v) = 16*v - 2. Calculate the remainder when o(2) is divided by p.
6
Let i = 3 - 0. Suppose -4*y + 7*y + 4 = -j, 3*j - i*y = 36. What is the remainder when 7 - 3 - ((-162)/15 + 52/65) is divided by j?
6
Suppose -w + 40 = 3*q + 47, q = 3*w + 1. What is the remainder when 288 is divided by -3 + q - (-20 - 6)?
15
What is the remainder when 200 is divided by ((-62)/4)/(((-323)/38)/17)?
14
Calculate the remainder when 252 is divided by -14 + 6 + 250 - 1.
11
Let m = -432 + 545. Suppose -2*i - 16 = -3*g - 4*i, -g = 3*i - 3. What is the remainder when m is divided by g?
5
Let k(h) = 189*h + 1486. Calculate the remainder when 534 is divided by k(-7).
45
Suppose 7*l + 18 = 13*l. Let b be 4 + (-76)/(-6)*l. Suppose 2*i - b = 2*y, 3*i + y + 3*y = 35. Calculate the remainder when 84 is divided by i.
16
Suppose 3*a = h - 169, 4*h + 0*a - 708 = 4*a. Let d = -71 - -111. Let t = 6 + d. Calculate the remainder when h is divided by t.
43
Let c = -30265 - -30281. What is the remainder when 77 is divided by c?
13
What is the remainder when 386 is divided by (-8690)/(-85) - 264/1122?
80
Let i(k) = k**3 + 10*k**2 - 14*k - 8. Suppose 2*v + 39 = 5*v. Suppose -v*f = -11*f - 94. Calculate the remainder when f is divided by i(-11).
22
Let y(s) = 3*s**2 - 2*s - 1. Let d be y(5). Suppose 4*u = 5*l - d, -u - 33 = -32. What is the remainder when 68 is divided by l?
8
Let l(r) = -25*r**2 + 4*r + 11. Let z be l(-4). Let h = -359 - z. What is the remainder when h is divided by 43?
3
Suppose -j - 194 = -5*i - 25, -i + 3*j = -17. Suppose 4*s + 1964 = 4*f, -475 = -f - 6*s + 3*s. What is the remainder when f is divided by i?
32
Suppose 24*a + 3413 = 4*a + 44373. What is the remainder when a is divided by 1018?
12
Suppose -2*m - 1327*d + 2637 = -1330*d, 0 = -m + 3*d + 1326. What is the remainder when m is divided by 24?
15
Let t = -4 + 10. Suppose 13*a = 21*a - 120. What is the remainder when 9/t*742/21 is divided by a?
8
Let u(o) = -o**3 - 6*o**2 + 16*o + 71. Calculate the remainder when 2231 is divided by u(-7).
7
Suppose -270 - 1614 = -32*h + 996. Calculate the remainder when 346 is divided by h.
76
Suppose 0 = x + 5*l - 24, -2*x = 70*l - 71*l - 70. What is the remainder when 3772 is divided by x?
32
Let j be (-4)/12*18/(-12)*126. Suppose 3*i = j - 0. Suppose 0 = 2*a - 7*a + 190. What is the remainder when a is divided by i?
17
Let c(g) = -34*g + 2801. Calculate the remainder when c(12) is divided by 47.
43
Suppose -2*d + 5*r = 95, -134 - 20 = 3*d + 4*r. Let q = -37 - d. Calculate the remainder when 34 is divided by q.
8
Let b = 14 - -4. Suppose -3*l + b = 3*g, 3*g + 0*g = 2*l + 43. Suppose 4*m - g*m = -280. What is the remainder when m is divided by 15?
10
Let q(x) = -x**3 - 13*x**2 + 13*x - 8. Calculate the remainder when 371 is divided by q(-14).
5
Suppose -279 = 9*x - 405. Calculate the remainder when 551 is divided by x.
5
Suppose -4*k + 148 = 3*z, 5*k + 149*z - 187 = 145*z. What is the remainder when 2801 is divided by k?
11
Let r(g) = -41*g + 2825. Calculate the remainder when 658 is divided by r(64).
55
Suppose 49*z - 14238 = -49*z + 35*z. What is the remainder when z is divided by 12?
10
Let w = 61 - -8. What is the remainder when w is divided by (3/2)/(81/486)?
6
Let g(m) = -20*m - 261. What is the remainder when g(-33) is divided by 67?
64
Suppose 55 = -13*w + 15*w + 5*i, i + 5 = 0. What is the remainder when 201 is divided by w?
1
Let m = -44 - -77. Let n = -1045 - -1066. Calculate the remainder when m is divided by n.
12
Suppose 5*f = -4*u + 267 + 96, -5*f + 179 = 2*u. Suppose -5*n + 3*j + 31 + u = 0, 45 = 2*n + 3*j. Calculate the remainder when 119 is divided by n.
23
Let a(m) = m**2 - 97*m + 115. Calculate the remainder when 6209 is divided by a(0).
114
Let x(t) = -2. Let n(o) = o + 11. Let w(h) = n(h) - 3*x(h). Calculate the remainder when w(21) is divided by 3.
2
Suppose 278 = -15*m + 19*m - 2*y, -3*y - 279 = -4*m. What is the remainder when m is divided by 15?
9
Suppose -1024 + 944 = -8*l. Calculate the remainder when 48 is divided by l.
8
Let z = -766 - -858. Suppose 4*m - 113 = -5*g + 20, 0 = 3*m - 4*g - z. What is the remainder when 110 is divided by m?
14
Let l(z) = -2*z**2 - 42*z + 65. Let f be (2 + 3)*-3 - (-5)/(-1). Calculate the remainder when l(f) is divided by 9.
6
Let w(k) = -4*k**3 - 7*k**2 + 4*k + 24. Suppose 12*s - 10*s + 8 = 0. What is the remainder when w(s) is divided by 51?
50
Suppose 5*b = 5*a - 2745, a - 5*b = 320 + 209. Calculate the remainder when a is divided by 182.
8
Suppose -5*f - f + 41*f - 59850 = 0. What is the remainder when f is divided by 24?
6
Suppose 14*n - 187 = 3*n. Let d(i) = 20*i + 77. Calculate the remainder when d(n) is divided by 14.
11
Let c(k) = -2*k**3 + 10*k**2 + 89*k - 281. Calculate the remainder when 303 is divided by c(7).
11
Let p(y) = 6*y**2 + 5*y + 7. Suppose -10*u = 33 - 893. What is the remainder when u is divided by p(-3)?
40
Suppose 20*d - 1519 = 461. What is the remainder when 1105 is divided by d?
16
Suppose q = 19 - 8. Suppose k - q*k = -50. Suppose -14 = -3*j - k, 0 = 2*g + 3*j - 29. Calculate the remainder when 39 is divided by g.
9
Let o = 37 - 24. Let t = 1160 + -1111. What is the remainder when t is divided by o?
10
Let i = 210 - 192. Suppose -19*n + 40 = -i*n. What is the remainder when n is divided by 46/8*(1 + 3)?
17
Let b(f) = 85*f**3 + f**2 - 4*f + 4. Let h be b(1). Suppose 8*g + h = 382. What is the remainder when 183 is divided by g?
35
Let p = 123677 + -123624. Calculate the remainder when p is divided by (0 + 2)*(-14)/(-4).
4
Let n = -29967 + 31354. What is the remainder when n is divided by 9?
1
Suppose 3*u - 174 = -9*u - 54. Calculate the remainder when 579 is divided by u.
9
Suppose -2044*z + 2037*z + 231 = 0. Calculate the remainder when 127 is divided by z.
28
Let d(v) = -5*v + 40. Let x be d(3). Suppose 0 = 2*u - 3*h - 33, -u + h = -x + 6. Calculate the remainder when u is divided by 21.
3
Let l be 2/(-4)*-4 - (1 - 4). Suppose n = -4*d + 337, 117 = -l*d - 5*n + 527. What is the remainder when d is divided by 15?
10
Suppose 3*s - 24 = 27. Suppose -155*m - 150*m + 24049 = -14273 - 42503. Calculate the remainder when m is divided by s.
10
Suppose 572 = 17*r + 368. What is the remainder when 68 is divided by r?
8
Let h(o) = -1009*o**3 - o**2 + 114*o + 116. Calculate the remainder when h(-1) is divided by 500.
10
Let b(u) be the first derivative of 2*u**2 + 118*u - 13. Suppose -3*a + 66 + 3 = 0. What is the remainder when a is divided by b(-28)?
5
Suppose -32*i + 30*i = -5*j + 292, -64 = -j + 6*i. Calculate the remainder when 9279 is di